 144. Let z(q) be the first derivative of f(q). What is z(-9)?
35
Let h = 150 + -143. Let q(f) = 3*f**2 - 31*f - 24. Let k(p) = p**2 - 10*p - 8. Let j(y) = h*k(y) - 2*q(y). Give j(9).
1
Suppose -26 = -2*y - 5*o - 0*o, -35 = -5*y - 5*o. Let n(q) be the third derivative of -q**4/12 + q**3/2 - 6*q**2 - 1861. Give n(y).
-3
Let h = 7924 + -7925. Let b(s) = -1 + 3 - 3 + 5*s**2. Calculate b(h).
4
Let d be -6*(14/12 + 18/(-12)). Let l(y) = -11*y**2 + 17*y + 4. Give l(d).
-6
Let u(f) be the first derivative of -f**2 - 38 - 4/3*f**3 - f. Calculate u(-1).
-3
Suppose 1594 = 318*a - 316*a. Let b = a + -796. Let y(t) = 13*t**2 + 2*t - 1. Give y(b).
14
Let v be (-39)/91 - (-24)/(-42). Let q(s) be the second derivative of 0 + 5/3*s**3 + 5*s + 1/2*s**2. What is q(v)?
-9
Let u(t) = t**2 - 4 - t - t - 1. Let j(r) = 3*r**3 + 40*r**2 + 15*r - 12. Let d be j(-13). Let y be d/(-9) + -1*(-20)/(-90). Determine u(y).
3
Let w(u) be the third derivative of u**4/2 - 5*u**3/3 + 1037*u**2. Give w(6).
62
Let q(y) be the second derivative of -y**4/12 - 14*y**3/3 - 3*y**2/2 - 38*y + 2. Give q(0).
-3
Let w(k) = -k**2 + 30*k + 116. Let s(u) = 2*u**2 - 43*u - 233. Let p(o) = 3*s(o) + 5*w(o). Determine p(-26).
11
Let w(p) = 76*p**2 + 9*p - 8. Suppose -7 = 3*k + 2*s - 2, 2*k - s = 6. Give w(k).
77
Let y(t) = 1 - 3 - 2 - 2931*t - t**3 + 2916*t - 3 - 9*t**2. Give y(-9).
128
Let p(s) be the third derivative of -62*s + 0 - 5/24*s**4 + 5/3*s**3 + 2*s**2. Determine p(7).
-25
Let y(p) = 52*p**2 - 463*p - 42. Let g be y(9). Let l(u) = -34*u + 3. Determine l(g).
-99
Let y(l) = -l + l + 7 + 4*l. Let k = -52716 + 52713. Calculate y(k).
-5
Let n(f) = f - 6. Let o be n(9). Let v(k) = 19*k + 3. Let m(g) = -47*g - 8. Let a(r) = -2*m(r) - 5*v(r). Give a(o).
-2
Let l(z) = -2*z**2 - 11*z + 7. Let b(h) = -3*h**2 - 20*h + 13. Let v(d) = 6*b(d) - 11*l(d). Let u be (-15 + 0)/(3/4*2). Let y be (-6)/u + 13/(-5). Give v(y).
15
Let w(n) = -n - 5. Let d be ((-6)/9 + 0)/((-4)/12). Suppose 0 = 2*p - 4*p - d*i + 18, -p = -3*i + 11. Determine w(p).
-9
Suppose 3*a - 15 = d, -a + 31*d - 3 = 28*d. Let b(o) = -28*o + 179. Let i be b(a). Let q(z) = z**2 - 7*z - 16. What is q(i)?
28
Let v = 215 - 213. Suppose -v*l + 2 = 12. Let k(t) = -t - 9. Determine k(l).
-4
Let w be (2 - (-15)/6)/((-32)/((-512)/12)). Let k(i) = 3*i**3 - 18*i**2 + 6*i + 12. Determine k(w).
48
Let s(r) = 25*r - 74*r + 15*r - 10*r**2 - 6*r**3 + 5*r**3 + 17*r + 4. Calculate s(-8).
12
Let h(m) = -m**3 - 14*m**2 + 20*m + 12. Let d be h(-15). Let y = d - -65. Let o(k) = -3 - k + 0 - k**y + 6. What is o(3)?
-9
Let h(p) = -p**3 + 7*p**2 + 8*p - 2. Suppose 4*w - 12 = 4*i + 24, -9*w - i + 61 = 0. Determine h(w).
54
Suppose 20 = l + 22*l - 95. Let n(d) be the third derivative of 0*d + 1/4*d**4 - 2/15*d**l + 0 - 7/6*d**3 + 17*d**2 + 1/120*d**6. Give n(7).
-14
Let g(t) = t**3 + 9*t**2 + 3*t - 8. Let d = -608 + 615. Suppose -2*v - 36 = 4*y, -d*v = -2*v. Calculate g(y).
-35
Let r = 7 + -3. Let j be ((7/(-2))/7)/(8/(-2096)). Let l(u) = 4*u + 125 + 3*u**2 - 4*u**2 - j - 2*u + 5*u. Give l(r).
6
Let i = -116 - -115. Let c(f) = f + 1. Let u(l) = l + 3. Let m(b) = i*u(b) + 4*c(b). What is m(-1)?
-2
Let v(i) be the third derivative of i**7/630 - i**6/720 + i**4/24 - 19*i**3/3 + 65*i**2. Let j(c) be the second derivative of v(c). Calculate j(1).
3
Let c(f) = 2*f**3 + 16 - f**3 + f**2 - f - 15 - 2*f**3. Let z(a) = -a**3. Let o(b) = -2*c(b) + 3*z(b). Determine o(-3).
1
Let v(h) be the second derivative of h**4/12 + 3*h**3/2 + 3*h**2 + 114*h + 63. Let t be (-2)/(-2) - 9*1. Determine v(t).
-2
Let r be (-2 + (-3)/(-3))/(1/(-62)). Let m = 62 - r. Let b(o) = o**3 + 0*o - 46 + 51 + 4*o**2 + m*o**3 - 5*o. Determine b(-5).
5
Let v(b) be the third derivative of b**3 + b - 1/60*b**5 + 1/8*b**4 + 0 - 6*b**2. Give v(6).
-12
Let n(v) be the second derivative of -v**4/24 - 5*v**3/6 + 29*v**2 - 7*v - 3. Let o(d) be the first derivative of n(d). Calculate o(-2).
-3
Let g(r) = 2*r**2 - 19*r - 473. Let q be g(21). Let s(y) = y**2 - 14*y - 7. Determine s(q).
-47
Let q(b) = 17*b - 38 + 12*b - 72 - 24*b - 115. Determine q(43).
-10
Let o be ((-606)/(-8) - -2) + (-2)/(-8). Let y = o - 77. Let r(a) = -88*a + 96*a - 2 - 2 - y + a**2. Give r(-5).
-20
Let w = -16 - -12. Let h(i) = 3*i**2 + 6*i + 12. Let n(f) = f**2 + 2. Let r(a) = w*n(a) + h(a). Give r(6).
4
Let i(q) = 2*q + 74. Let y be i(-36). Suppose -y*b + 13*x + 8 = 9*x, -3*x + 20 = 5*b. Let v(u) = -u**2 + u. Calculate v(b).
-12
Let p(a) = 391*a + 1570. Let j be p(-4). Let h(z) = -z**3 + 8*z**2 - 16*z + 11. What is h(j)?
-13
Let s(p) = 10 - 3*p - 6 + 8 - 20 + 11. Give s(4).
-9
Let x(o) = -63*o + 231. Let w(v) = -2*v + 22. Let l(q) = -12*w(q) + x(q). Determine l(-1).
6
Let v be 9/(-45) + 14/(-5). Let b(i) = i**2 + 3*i + 1. Let g be b(-4). Let s be g + (-4 - v - (1 + -1)). Let y(z) = -z**3 + 2*z**2 + 4*z - 1. Determine y(s).
-17
Let f(a) = 5*a**2 - 26*a. Let b be (-885)/(-295)*(0 - 10/(-6)). Calculate f(b).
-5
Let u = -408 - -414. Suppose z - 20 = u*z. Let w(k) = -4*k - 4. Determine w(z).
12
Let f(v) = v**2 + 2*v + 14. Let h(k) = k**2 - 6*k - 34. Let n(t) = 2*f(t) + h(t). Give n(2).
2
Let c(q) be the third derivative of q**7/1008 + q**6/360 - 17*q**5/20 + 60*q**2 + q. Let p(j) be the third derivative of c(j). Give p(-2).
-8
Let d be (8/(-10) - 12/60)*-226. Let x(s) = 226*s - d*s - 3 - 2*s**2. Let p(z) = -z**3 + 8*z**2 + z - 11. Let f be p(8). Calculate x(f).
-21
Let a(z) = z**2 - 53796 + 107598 + 36*z - 53799. Give a(-36).
3
Let y(f) = 2*f**3 - 2*f**2 + 5*f + 8. Let a be (2 + 33/(-22))*-4. Determine y(a).
-26
Let n(i) = -4*i - 28. Let g(t) = 10*t + 51. Let q(u) = 3*g(u) + 7*n(u). Calculate q(29).
15
Let z(x) = -11*x**3 + 24*x**2 + 39*x + 54. Let k(g) = 5*g**3 - 11*g**2 - 18*g - 27. Let d(a) = -9*k(a) - 4*z(a). What is d(5)?
7
Let j(m) = -3*m**3 - 11*m**2 - 6*m - 4. Let h(u) = -16*u**3 - 56*u**2 - 29*u - 26. Let k(n) = 4*h(n) - 21*j(n). Give k(8).
-4
Let i(j) = 17*j**2 - 37*j - 1. Let b(u) = -38*u**2 + 76*u + 2. Let a(t) = 4*b(t) + 9*i(t). Determine a(27).
-55
Let o(t) = 5*t**2 - t**2 - 34 + 25 - 8*t**2 - 9*t + 3*t**2. What is o(-9)?
-9
Suppose 2*t = 14, -123 = 4*c - 64*t + 59*t. Let b(r) = -12*r - 256. Determine b(c).
8
Let p(s) = -2*s. Let w = 627 - 266. Let x = w + -360. Calculate p(x).
-2
Let m be (-11)/((-66)/(-4))*(-1 - 17). Let o(f) = f + 8 - 3 + m. Give o(-15).
2
Let d(x) be the third derivative of x**4/24 - 3*x**3 + x**2 - 2107*x. Let j be (-26)/((-5)/(5/2)). Give d(j).
-5
Let j(m) = 8*m - 57. Let z = -694 + 701. Give j(z).
-1
Let p(l) = 4*l. Let i(m) = 2*m**3 - 10*m**2 + 9*m - 9. Let z be i(4). Let v be -16 + 8 - -7 - z/1. What is p(v)?
16
Let d(b) = -b**2 - b + 2. Let n = -3443 + 3444. Determine d(n).
0
Let l(a) be the first derivative of a**3/3 + 2*a**2 - 2*a + 35. Let m(b) = -b**3 + 6*b**2 - 4*b - 9. Let s = 18 - 13. Let n be m(s). Give l(n).
-2
Let u(q) = -14*q - 24. Let k = 3856 + -3860. What is u(k)?
32
Let d(i) = 3*i**2 + 5*i + 2*i**3 - 4*i**3 + 5*i**3 - 2*i**3 - 2*i + 4. Suppose -2*t - 10 = -7*t. Suppose 5*b - 5*q + q = -35, 7 = b + t*q. What is d(b)?
-5
Let q be 5*((-216)/60 - -3). Let a(b) = -b**2 - 10*b - 19. Determine a(q).
2
Let y(l) be the third derivative of -l**8/320 - l**6/720 + l**4/24 + 106*l**3/3 - 2*l**2 + 5. Let h(z) be the second derivative of y(z). Give h(1).
-22
Suppose 41 = 4*d - 60 + 73. Let m(f) = -f**3 + 7*f**2 - 9*f + 9. Calculate m(d).
-54
Let w(c) = -3*c**2 + 10*c + 4. Let p(d) = -19*d**2 + 41*d + 14. Let h(b) = -2*p(b) + 9*w(b). What is h(-3)?
83
Let q(d) = 49*d**2 + 4*d - 2. Let y(s) = 205*s**2 + 16*s - 8. Let m(b) = -25*q(b) + 6*y(b). Determine m(2).
14
Let t(k) = -k**2 - 7*k - 7. Let j be 3772/(-552) - (-1)/(-6). Give t(j).
-7
Let h(x) = x**3 - 9*x**2 + 20*x + 2. Let m be h(3). Let j(z) = -4*z + 24. Determine j(m).
-8
Suppose 4*g + 3 = u + 3*g, -4*u - 5*g = -21. Suppose 0 = 10*x - u*x - 4*x. Suppose -i + 5*i - 8 = x. Let v(z) = -z**3 + 4*z**2 - 3*z. Calculate v(i).
2
Let b(j) = j**2 - 2*j + 2. Let v = -1318 + 1341. Let o = -5 - -10. Suppose -z + o = r - 2, -r = -5*z + v. What is b(r)?
2
Let l(x) = -x**3 - 31*x**2 - 26*x - 43. Let h(r) = -2*r**3 - 59*r**2 - 51*r - 86. Let s(t) = -3*h(t) + 5*l(t). Give s(-21).
1
Let i(o) = -381*o + 30. Let u(f) = -157*f + 12. Let j(m) = -5*i(m) + 12*u(m). Calculate 